

{"id":1354,"date":"2025-04-29T21:34:57","date_gmt":"2025-04-30T00:34:57","guid":{"rendered":"https:\/\/museu.appoa.org.br\/site\/?post_type=educativo&#038;p=1354"},"modified":"2025-04-29T21:36:01","modified_gmt":"2025-04-30T00:36:01","slug":"traga-seu-fragmento","status":"publish","type":"educativo","link":"https:\/\/museu.appoa.org.br\/site\/educativo\/traga-seu-fragmento\/","title":{"rendered":"Traga seu Fragmento"},"content":{"rendered":"\n<p>As enchentes vividas pelo Rio Grande do Sul, em maio de 2024, mostram que a destrui\u00e7\u00e3o do planeta perpetrada pelo humano j\u00e1 cobra a sua d\u00edvida. Vivemos algo hist\u00f3rico, como pren\u00fancio do que ser\u00e1 a vida \u201cnormal\u201d se n\u00e3o mudarmos nossos h\u00e1bitos, nossa forma de viver, de consumir e de se relacionar.<\/p>\n\n\n\n<p>\u00c1rvores n\u00e3o s\u00e3o madeiras. Animais e pessoas n\u00e3o s\u00e3o mercadorias.&nbsp;<\/p>\n\n\n\n<p>Al\u00e9m das mortes, das perdas materiais, das perdas de mem\u00f3rias afetivas, das perdas de refer\u00eancias, testemunhamos a solidariedade, a busca coletiva para salvar vidas, salvar a humanidade. Um empuxo a sermos mais do que um ajuntamento de indiv\u00edduos desconectados que disputam entre si. Vimos, com esperan\u00e7a, o retorno das comunidades, do viver junto, do coletivo se reconstruindo. Por outro lado, testemunhamos o capitalismo na sua face mais perversa, quando empresas utilizam a dor alheia e a decomposi\u00e7\u00e3o estatal para fazer auto propaganda disfar\u00e7ada de bondade.<\/p>\n\n\n\n<p>No dia 3 de junho de 2024, o Museu das Mem\u00f3rias (\ud835\ude10\ud835\ude2f)Poss\u00edveis realizou um <a href=\"https:\/\/www.youtube.com\/watch?v=jmAhHUjDIdw&amp;t=604s\">evento intitulado Traga seu Fragmento<\/a>. Neste momento convidou todas as pessoas que se sentissem compelidas a trazerem seus testemunhos, fragmentos de testemunhos, palavras, objetos, fotos, imagens, leitura de poemas ou escritas\u2026 o que conseguissem naquele momento.&nbsp;<\/p>\n\n\n\n<p>Sabemos que muitos se sentiam (ou ainda se sentem) impossibilitados de falar e compartilhar experi\u00eancias deste per\u00edodo de tempo terr\u00edvel que vivemos. N\u00f3s mesmos, que constitu\u00edmos este Museu, nos sentimos assim. Por isso, passado um ano do in\u00edcio das enchentes no RS, abrimos um novo espa\u00e7o de recep\u00e7\u00e3o de novos testemunhos deste tempo, numa aposta pela palavra como forma de abertura para o novo e a aposta numa possibilidade de sa\u00edda do trauma.<\/p>\n\n\n\n<p>Quer participar? Entre <a href=\"https:\/\/forms.gle\/EbjJgYczDR9Rkk3v7\">aqui!<\/a><\/p>\n","protected":false},"template":"","_links":{"self":[{"href":"https:\/\/museu.appoa.org.br\/site\/wp-json\/wp\/v2\/educativo\/1354"}],"collection":[{"href":"https:\/\/museu.appoa.org.br\/site\/wp-json\/wp\/v2\/educativo"}],"about":[{"href":"https:\/\/museu.appoa.org.br\/site\/wp-json\/wp\/v2\/types\/educativo"}],"wp:attachment":[{"href":"https:\/\/museu.appoa.org.br\/site\/wp-json\/wp\/v2\/media?parent=1354"}],"curies":[{"name":"wp","href":"https:\/\/api.w.org\/{rel}","templated":true}]}}

<p>As enchentes vividas pelo Rio Grande do Sul, em maio de 2024, mostram que a destruição do planeta perpetrada pelo humano já cobra a sua dívida. Vivemos algo histórico, como prenúncio do que será a vida “normal” se não mudarmos nossos hábitos, nossa forma de viver, de consumir e de se relacionar.</p>



<p>Árvores não são madeiras. Animais e pessoas não são mercadorias.&nbsp;</p>



<p>Além das mortes, das perdas materiais, das perdas de memórias afetivas, das perdas de referências, testemunhamos a solidariedade, a busca coletiva para salvar vidas, salvar a humanidade. Um empuxo a sermos mais do que um ajuntamento de indivíduos desconectados que disputam entre si. Vimos, com esperança, o retorno das comunidades, do viver junto, do coletivo se reconstruindo. Por outro lado, testemunhamos o capitalismo na sua face mais perversa, quando empresas utilizam a dor alheia e a decomposição estatal para fazer auto propaganda disfarçada de bondade.</p>



<p>No dia 3 de junho de 2024, o Museu das Memórias (𝘐𝘯)Possíveis realizou um <a href="https://www.youtube.com/watch?v=jmAhHUjDIdw&amp;t=604s">evento intitulado Traga seu Fragmento</a>. Neste momento convidou todas as pessoas que se sentissem compelidas a trazerem seus testemunhos, fragmentos de testemunhos, palavras, objetos, fotos, imagens, leitura de poemas ou escritas… o que conseguissem naquele momento.&nbsp;</p>



<p>Sabemos que muitos se sentiam (ou ainda se sentem) impossibilitados de falar e compartilhar experiências deste período de tempo terrível que vivemos. Nós mesmos, que constituímos este Museu, nos sentimos assim. Por isso, passado um ano do início das enchentes no RS, abrimos um novo espaço de recepção de novos testemunhos deste tempo, numa aposta pela palavra como forma de abertura para o novo e a aposta numa possibilidade de saída do trauma.</p>



<p>Quer participar? Entre <a href="https://forms.gle/EbjJgYczDR9Rkk3v7">aqui!</a></p>
