

{"id":1706,"date":"2026-09-04T14:01:41","date_gmt":"2026-09-04T17:01:41","guid":{"rendered":"https:\/\/museu.appoa.org.br\/site\/?post_type=acontecimento&#038;p=1706"},"modified":"2026-09-04T14:22:37","modified_gmt":"2026-09-04T17:22:37","slug":"20a-primavera-dos-museus-2026-museu-para-todas-as-pessoas-no-museu-das-memorias-%f0%9d%98%90%f0%9d%98%afpossiveis","status":"publish","type":"acontecimento","link":"https:\/\/museu.appoa.org.br\/site\/acontecimento\/20a-primavera-dos-museus-2026-museu-para-todas-as-pessoas-no-museu-das-memorias-%f0%9d%98%90%f0%9d%98%afpossiveis\/","title":{"rendered":"20\u00aa Primavera dos Museus (2026) &#8211; Museu para todas as pessoas no Museu das Mem\u00f3rias (\ud835\ude10\ud835\ude2f)Poss\u00edveis"},"content":{"rendered":"\n<p>Nesta <a href=\"https:\/\/visite.museus.gov.br\/primavera-dos-museus\/\" target=\"_blank\" rel=\"noreferrer noopener\">20\u00aa Primavera dos Museus<\/a>, o IBRAM&nbsp; tem como tema \u201cMuseu para todas as pessoas\u201d. \u00c0 primeira vista, poder\u00edamos pensar que se trata de ter mais acessibilidade, mais tecnologias, mais visitantes. Isso n\u00e3o seria pouco, mas o argumento proposto pelo IBRAM vai muito al\u00e9m. Diz ele:<\/p>\n\n\n\n<p>\u201c(&#8230;) <em>falar de museus para todas as pessoas significa muito mais do que ampliar o n\u00famero de visitantes. Significa assegurar o direito \u00e0 mem\u00f3ria, ao patrim\u00f4nio cultural, \u00e0 participa\u00e7\u00e3o e ao pertencimento. Significa reconhecer que cada pessoa deve poder encontrar, nos museus, n\u00e3o apenas objetos preservados, mas tamb\u00e9m hist\u00f3rias que dialoguem com sua pr\u00f3pria exist\u00eancia<\/em>.\u201d<\/p>\n\n\n\n<p>Desde 2022, o Museu das Mem\u00f3rias (\ud835\ude10\ud835\ude2f)Poss\u00edveis vem se ocupando da experi\u00eancia com as Defici\u00eancias, atrav\u00e9s de testemunhos, semin\u00e1rios, cole\u00e7\u00e3o e exposi\u00e7\u00e3o (que em breve ser\u00e1 lan\u00e7ada). Perguntamo-nos: de quem \u00e9 a defici\u00eancia? Onde ela se encontra? Com quais tra\u00e7os e vozes criamos uma cultura inclusiva?&nbsp;<\/p>\n\n\n\n<p>Neste ano, o Museu das Mem\u00f3rias (\ud835\ude10\ud835\ude2f)Poss\u00edveis se prop\u00f5e a fazer uma contribui\u00e7\u00e3o a esse valioso tema proposto pela Primavera dos Museus de 2026: \u201cMuseu para todas as pessoas\u201d, trazendo o testemunho de Marcela Fehrenbach sobre sua experi\u00eancia de ser m\u00e3e de Martim, um menino autista muito querido e amado pela sua fam\u00edlia e amigos.\u00a0<\/p>\n\n\n\n<p>Um testemunho que aborda a maternidade no contexto das defici\u00eancias, um lugar permeado por ambiguidades e cobran\u00e7as (internas e externas), exp\u00f5e os desafios e possibilidades postos \u00e0 maternidade. Uma escuta que acompanha o tempo dos encontros com as defici\u00eancias.<\/p>\n\n\n\n<p>O encontro ser\u00e1 realizado no dia 26 de setembro, \u00e0s 9 horas, em formato online. Participe mediante inscri\u00e7\u00e3o pelo e-mail <a href=\"mailto:appoa@appoa.org.br\">appoa@appoa.org.br<\/a>.<\/p>\n\n\n\n<figure class=\"wp-block-image size-large\"><img loading=\"lazy\" width=\"819\" height=\"1024\" src=\"https:\/\/museu.appoa.org.br\/site\/wp-content\/uploads\/2026\/09\/Card-Primavera-dos-museus-1-819x1024.png\" alt=\"\" class=\"wp-image-1708\" srcset=\"https:\/\/museu.appoa.org.br\/site\/wp-content\/uploads\/2026\/09\/Card-Primavera-dos-museus-1-819x1024.png 819w, https:\/\/museu.appoa.org.br\/site\/wp-content\/uploads\/2026\/09\/Card-Primavera-dos-museus-1-240x300.png 240w, https:\/\/museu.appoa.org.br\/site\/wp-content\/uploads\/2026\/09\/Card-Primavera-dos-museus-1-768x960.png 768w, https:\/\/museu.appoa.org.br\/site\/wp-content\/uploads\/2026\/09\/Card-Primavera-dos-museus-1.png 1080w\" sizes=\"(max-width: 819px) 100vw, 819px\" \/><\/figure>\n","protected":false},"template":"","_links":{"self":[{"href":"https:\/\/museu.appoa.org.br\/site\/wp-json\/wp\/v2\/acontecimento\/1706"}],"collection":[{"href":"https:\/\/museu.appoa.org.br\/site\/wp-json\/wp\/v2\/acontecimento"}],"about":[{"href":"https:\/\/museu.appoa.org.br\/site\/wp-json\/wp\/v2\/types\/acontecimento"}],"wp:attachment":[{"href":"https:\/\/museu.appoa.org.br\/site\/wp-json\/wp\/v2\/media?parent=1706"}],"curies":[{"name":"wp","href":"https:\/\/api.w.org\/{rel}","templated":true}]}}

20ª Primavera dos Museus (2026) &#8211; Museu para todas as pessoas no Museu das Memórias (𝘐𝘯)Possíveis

<p>Nesta <a href="https://visite.museus.gov.br/primavera-dos-museus/" target="_blank" rel="noreferrer noopener">20ª Primavera dos Museus</a>, o IBRAM&nbsp; tem como tema “Museu para todas as pessoas”. À primeira vista, poderíamos pensar que se trata de ter mais acessibilidade, mais tecnologias, mais visitantes. Isso não seria pouco, mas o argumento proposto pelo IBRAM vai muito além. Diz ele:</p>



<p>“(&#8230;) <em>falar de museus para todas as pessoas significa muito mais do que ampliar o número de visitantes. Significa assegurar o direito à memória, ao patrimônio cultural, à participação e ao pertencimento. Significa reconhecer que cada pessoa deve poder encontrar, nos museus, não apenas objetos preservados, mas também histórias que dialoguem com sua própria existência</em>.”</p>



<p>Desde 2022, o Museu das Memórias (𝘐𝘯)Possíveis vem se ocupando da experiência com as Deficiências, através de testemunhos, seminários, coleção e exposição (que em breve será lançada). Perguntamo-nos: de quem é a deficiência? Onde ela se encontra? Com quais traços e vozes criamos uma cultura inclusiva?&nbsp;</p>



<p>Neste ano, o Museu das Memórias (𝘐𝘯)Possíveis se propõe a fazer uma contribuição a esse valioso tema proposto pela Primavera dos Museus de 2026: “Museu para todas as pessoas”, trazendo o testemunho de Marcela Fehrenbach sobre sua experiência de ser mãe de Martim, um menino autista muito querido e amado pela sua família e amigos. </p>



<p>Um testemunho que aborda a maternidade no contexto das deficiências, um lugar permeado por ambiguidades e cobranças (internas e externas), expõe os desafios e possibilidades postos à maternidade. Uma escuta que acompanha o tempo dos encontros com as deficiências.</p>



<p>O encontro será realizado no dia 26 de setembro, às 9 horas, em formato online. Participe mediante inscrição pelo e-mail <a href="mailto:appoa@appoa.org.br">appoa@appoa.org.br</a>.</p>



<figure class="wp-block-image size-large"><img loading="lazy" width="819" height="1024" src="https://museu.appoa.org.br/site/wp-content/uploads/2026/09/Card-Primavera-dos-museus-1-819x1024.png" alt="" class="wp-image-1708" srcset="https://museu.appoa.org.br/site/wp-content/uploads/2026/09/Card-Primavera-dos-museus-1-819x1024.png 819w, https://museu.appoa.org.br/site/wp-content/uploads/2026/09/Card-Primavera-dos-museus-1-240x300.png 240w, https://museu.appoa.org.br/site/wp-content/uploads/2026/09/Card-Primavera-dos-museus-1-768x960.png 768w, https://museu.appoa.org.br/site/wp-content/uploads/2026/09/Card-Primavera-dos-museus-1.png 1080w" sizes="(max-width: 819px) 100vw, 819px" /></figure>
