{"id":106152,"date":"2025-04-09T00:40:04","date_gmt":"2025-04-09T00:40:04","guid":{"rendered":"https:\/\/museu.appoa.org.br\/acervo\/?post_type=tnc_col_99836_item&#038;p=106152"},"modified":"2025-04-09T02:07:41","modified_gmt":"2025-04-09T02:07:41","slug":"por-que-e-preciso-falar","status":"publish","type":"tnc_col_99836_item","link":"https:\/\/museu.appoa.org.br\/acervo\/repositorio-de-producoes\/por-que-e-preciso-falar\/","title":{"rendered":"Por que \u00e9 preciso falar"},"content":{"rendered":"<p>Cole\u00e7\u00e3o dedicada a materiais produzidos sobre o Museu das Mem\u00f3rias (\ud835\ude10\ud835\ude2f)Poss\u00edveis<\/p>\n","protected":false},"featured_media":106477,"parent":0,"menu_order":0,"template":"","format":"standard","class_list":["post-106152","tnc_col_99836_item","type-tnc_col_99836_item","status-publish","format-standard","has-post-thumbnail","hentry","tnc_tax_98090-alexandre-costi-pandolfo","tnc_tax_98090-maira-brum-rieck","tnc_tax_79771-catalogacao","tnc_tax_2714-pt-br-pt-br","tnc_tax_2483-porto-alegre","tnc_tax_558-pdf","tnc_tax_517-texto"],"_links":{"self":[{"href":"https:\/\/museu.appoa.org.br\/acervo\/wp-json\/wp\/v2\/tnc_col_99836_item\/106152","targetHints":{"allow":["GET"]}}],"collection":[{"href":"https:\/\/museu.appoa.org.br\/acervo\/wp-json\/wp\/v2\/tnc_col_99836_item"}],"about":[{"href":"https:\/\/museu.appoa.org.br\/acervo\/wp-json\/wp\/v2\/types\/tnc_col_99836_item"}],"version-history":[{"count":1,"href":"https:\/\/museu.appoa.org.br\/acervo\/wp-json\/wp\/v2\/tnc_col_99836_item\/106152\/revisions"}],"predecessor-version":[{"id":106189,"href":"https:\/\/museu.appoa.org.br\/acervo\/wp-json\/wp\/v2\/tnc_col_99836_item\/106152\/revisions\/106189"}],"wp:featuredmedia":[{"embeddable":true,"href":"https:\/\/museu.appoa.org.br\/acervo\/wp-json\/wp\/v2\/media\/106477"}],"wp:attachment":[{"href":"https:\/\/museu.appoa.org.br\/acervo\/wp-json\/wp\/v2\/media?parent=106152"}],"curies":[{"name":"wp","href":"https:\/\/api.w.org\/{rel}","templated":true}]}}

Por que é preciso falar

<p>Coleção dedicada a materiais produzidos sobre o Museu das Memórias (𝘐𝘯)Possíveis</p>
