{"id":106116,"date":"2025-04-09T00:33:44","date_gmt":"2025-04-09T00:33:44","guid":{"rendered":"https:\/\/museu.appoa.org.br\/acervo\/?post_type=tnc_col_99836_item&#038;p=106116"},"modified":"2025-04-09T01:57:28","modified_gmt":"2025-04-09T01:57:28","slug":"reviver-para-nao-esquecer","status":"publish","type":"tnc_col_99836_item","link":"https:\/\/museu.appoa.org.br\/acervo\/repositorio-de-producoes\/reviver-para-nao-esquecer\/","title":{"rendered":"Reviver para n\u00e3o esquecer"},"content":{"rendered":"<p>Cole\u00e7\u00e3o dedicada a materiais produzidos sobre o Museu das Mem\u00f3rias (\ud835\ude10\ud835\ude2f)Poss\u00edveis<\/p>\n","protected":false},"featured_media":0,"parent":0,"menu_order":0,"template":"","format":"standard","class_list":["post-106116","tnc_col_99836_item","type-tnc_col_99836_item","status-publish","format-standard","hentry","tnc_tax_98090-lelei-teixeira","tnc_tax_79771-catalogacao","tnc_tax_2714-pt-br-pt-br","tnc_tax_558-pdf","tnc_tax_517-texto"],"_links":{"self":[{"href":"https:\/\/museu.appoa.org.br\/acervo\/wp-json\/wp\/v2\/tnc_col_99836_item\/106116","targetHints":{"allow":["GET"]}}],"collection":[{"href":"https:\/\/museu.appoa.org.br\/acervo\/wp-json\/wp\/v2\/tnc_col_99836_item"}],"about":[{"href":"https:\/\/museu.appoa.org.br\/acervo\/wp-json\/wp\/v2\/types\/tnc_col_99836_item"}],"version-history":[{"count":1,"href":"https:\/\/museu.appoa.org.br\/acervo\/wp-json\/wp\/v2\/tnc_col_99836_item\/106116\/revisions"}],"predecessor-version":[{"id":106150,"href":"https:\/\/museu.appoa.org.br\/acervo\/wp-json\/wp\/v2\/tnc_col_99836_item\/106116\/revisions\/106150"}],"wp:attachment":[{"href":"https:\/\/museu.appoa.org.br\/acervo\/wp-json\/wp\/v2\/media?parent=106116"}],"curies":[{"name":"wp","href":"https:\/\/api.w.org\/{rel}","templated":true}]}}

Reviver para não esquecer

<p>Coleção dedicada a materiais produzidos sobre o Museu das Memórias (𝘐𝘯)Possíveis</p>
